?
-7b9
In base 6, what is -524 - 4?
-532
In base 11, what is -2 + 304a?
3048
In base 10, what is 3 - 63?
-60
In base 14, what is -38 + -4?
-3c
In base 2, what is 101010110 + -1?
101010101
In base 14, what is -12 - -38?
26
In base 2, what is 10011110111 - -11?
10011111010
In base 13, what is 19 + c?
28
In base 16, what is 1 - 23c?
-23b
In base 16, what is 10e - 5?
109
In base 2, what is -1101101 - 110?
-1110011
In base 7, what is 2524 + 13?
2540
In base 11, what is 0 + 78?
78
In base 10, what is -4 + -198?
-202
In base 8, what is -12131 + -4?
-12135
In base 4, what is -1 + -3131?
-3132
In base 14, what is 1 - -33b?
33c
In base 15, what is -14 + 3?
-11
In base 12, what is -439 - 34?
-471
In base 12, what is 3 + -b?
-8
In base 12, what is 1 - 42bb?
-42ba
In base 8, what is 4 - 2255?
-2251
In base 9, what is 10 + -161?
-151
In base 13, what is 1a5 - 4?
1a1
In base 4, what is -12201 - 10?
-12211
In base 10, what is 492 - 0?
492
In base 12, what is 3 + 268?
26b
In base 16, what is -1499 + -2?
-149b
In base 9, what is 578 - 4?
574
In base 16, what is 1 - -4e?
4f
In base 2, what is 110 + 111?
1101
In base 3, what is 10112002 + -10?
10111222
In base 2, what is -1001 + 1110110001?
1110101000
In base 11, what is -aaa - -2?
-aa8
In base 6, what is -41 - 50?
-131
In base 12, what is 679 - 0?
679
In base 3, what is -10 + 2200?
2120
In base 5, what is -122 + 1?
-121
In base 8, what is 5 + 57?
64
In base 12, what is 5 - b?
-6
In base 2, what is 1 + -10000101?
-10000100
In base 4, what is -12003021 + 1?
-12003020
In base 16, what is -98 - -d?
-8b
In base 11, what is 11 - 289?
-278
In base 12, what is -42 - 19?
-5b
In base 14, what is 2 + -2?
0
In base 5, what is -1130 - -3?
-1122
In base 8, what is 6 - 3?
3
In base 16, what is 30 - -4?
34
In base 8, what is -326 + -4?
-332
In base 14, what is -309 + -1?
-30a
In base 6, what is -155 - 3?
-202
In base 14, what is -2d - -8?
-25
In base 11, what is -547 + 1?
-546
In base 6, what is -35 + -10?
-45
In base 11, what is 31 + -5?
27
In base 15, what is 1 - b1?
-b0
In base 13, what is 3 + -2b?
-28
In base 8, what is 1 - 214?
-213
In base 13, what is 65 + -45?
20
In base 2, what is 1100000 - -100110?
10000110
In base 6, what is -10154 - 4?
-10202
In base 16, what is -12 - -3?
-f
In base 6, what is -11 + 145?
134
In base 2, what is 10 - 100011?
-100001
In base 15, what is 37 + -3?
34
In base 6, what is 200 - -13?
213
In base 6, what is 124 + -33?
51
In base 15, what is 5 - 49d?
-498
In base 10, what is 5 - -14?
19
In base 10, what is -5 + 582?
577
In base 4, what is -200002 + -1?
-200003
In base 9, what is -265 - 0?
-265
In base 10, what is 361 + 23?
384
In base 9, what is -35 + 37?
2
In base 6, what is 454 - 0?
454
In base 12, what is -6 - 121?
-127
In base 14, what is -c4c - 0?
-c4c
In base 3, what is 210221 + 1?
210222
In base 11, what is -49 + -13?
-61
In base 8, what is 160 - 4?
154
In base 6, what is 541 + 5?
550
In base 15, what is 184 + -1?
183
In base 15, what is -7 + 32?
2a
In base 5, what is -1 - -1003?
1002
In base 15, what is 2 - 4d?
-4b
In base 7, what is -1 + 133?
132
In base 12, what is -21 + -5?
-26
In base 12, what is a0 - -a?
aa
In base 10, what is -374 - 20?
-394
In base 10, what is 3 + 66?
69
In base 15, what is 1 + 376?
377
In base 6, what is 11 + 2152?
2203
In base 14, what is -712 + -2?
-714
In base 5, what is -3 + 124040?
124032
In base 15, what is 5 - 1c?
-17
In base 7, what is -245542 - 2?
-245544
In base 6, what is -25 - 12?
-41
In base 8, what is -124 - 4?
-130
In base 11, what is -5 + 45?
40
In base 16, what is a + -17?
-d
In base 7, what is 535 - -6?
544
In base 8, what is -1 - 3517?
-3520
In base 11, what is -9 - -342?
334
In base 14, what is 3 - -35?
38
In base 3, what is 10 + 1110?
1120
In base 12, what is 16a4 - -5?
16a9
In base 11, what is -563 + 4?
-55a
In base 15, what is 102 - -2?
104
In base 13, what is 1 + 2a6?
2a7
In base 2, what is -101000000 - -10111?
-100101001
In base 12, what is -26 + -2b3?
-319
In base 12, what is 43 + -4?
3b
In base 13, what is 20 - 19?
4
In base 13, what is c4 - 5?
bc
In base 3, what is -202 + -1?
-210
In base 2, what is -1 - -10100110101?
10100110100
In base 6, what is 10 - -2104?
2114
In base 14, what is 41c7 - 1?
41c6
In base 9, what is 4628 - -4?
4633
In base 11, what is 46 - 1?
45
In base 13, what is 5 + -268?
-263
In base 12, what is -14 - 30?
-44
In base 10, what is -3 - 128?
-131
In base 7, what is 5 + 3345?
3353
In base 14, what is -6 - 124?
-12a
In base 2, what is 11 - -10010001?
10010100
In base 10, what is -475 - -2?
-473
In base 8, what is 5 + -605?
-600
In base 15, what is 5a + 2?
5c
In base 16, what is -3 - 52?
-55
In base 5, what is 43 + -1?
42
In base 16, what is -80 - -5?
-7b
In base 2, what is -10 - 10011?
-10101
In base 13, what is 65 - 1?
64
In base 15, what is 1 - 82?
-81
In base 15, what is 5 - 3?
2
In base 13, what is -b9 - 22?
-10b
In base 14, what is 3 - 1c?
-19
In base 4, what is 0 + -1122?
-1122
In base 12, what is -b - 1a?
-29
In base 16, what is 10f + -d?
102
In base 2, what is -1010000 - 100?
-1010100
In base 12, what is -26 - 12a?
-154
In base 11, what is -2a + -74?
-a3
In base 3, what is 10 + 1000?
1010
In base 4, what is 133013 + -10?
133003
In base 12, what is -149 + 0?
-149
In base 5, what is -44 + 110?
11
In base 9, what is -471 - 24?
-505
In base 9, what is 5 + 4084?
4100
In base 2, what is 101 + -1000111?
-1000010
In base 10, what is 2 + -899?
-897
In base 6, what is 31 + 1435?
1510
In base 13, what is 4 - -69?
70
In base 14, what is 26 + -3?
23
In base 6, what is 1441 - 45?
1352
In base 16, what is -2f + -10?
-3f
In base 2, what is -110 - 10010011?
-10011001
In base 2, what is 100 + 10011111011?
10011111111
In base 14, what is -1c + 79?
5b
In base 2, what is 10011101 - 101?
10011000
In base 14, what is 5 + 29a?
2a1
In base 2, what is 111 + 10011010?
10100001
In base 8, what is 421 - -3?
424
In base 14, what is ab - -4?
b1
In base 11, what is -15 + -6?
-20
In base 4, what is 211 - -2?
213
In base 7, what is 22 - -53?
105
In base 7, what is 1643 - 21?
1622
In base 11, what is 0 - 27a?
-27a
In base 3, what is 1100 - -2221?
11021
In base 6, what is -2 - -320?
314
In base 5, what is 0 - -11?
11
In base 10, what is 3 + 42?
45
In base 11, what is -3 + -8?
-10
In base 10, what is -1 + 9?
8
In base 13, what is 0 + -233?
-233
In base 7, what is -1 + -4433?
-4434
In base 5, what is 30 - -13?
43
In base 3, what is 112101 - 10?
112021
In base 10, what is -1 + 4860?
4859
In base 16, what is 10 + -4?
c
In base 3, what is -121 - 20012?
-20210
In base 15, what is 6 - -4ab?
4b2
In base 7, what is 26 + -1266?
-1240
In base 13, what is 1 + -1c?
-1b
In base 15, what is 18c - 1?
18b
In base 6, what is -25 + -2?
-31
In base 13, what is 19 + -83?
-67
In base 11, what is 1a - -39?
58
In base 13, what is 0 + -42?
-42
In base 16, what is 2 - -43b?
43d
In base 9, what is 33 - -41?
74
In base 8, what is 1 + 130?
131
In base 4, what is 0 - 1030?
-1030
In base 7, what is 632 + -2?
630
In base 4, what is -11 - -223333?
223322
In base 4, what is 1 + 223?
230
In base 11, what is -13 + 19?
6
In base 10, what is -34 + -612?
-646
In base 13, what is 9 - -290?
299
In base 13, what is -a1 - 0?
-a1
In base 5, what is -3213 + -1?
-3214
In base 13, what is 96 - 3?
93
In base 5, what is 2 + 1324?
1331
In base 11, what is -2 - -59?
57
In base 13, what is -7 + -1b6?
-1c0
In base 13, what is -a54 + 3?
-a51
In base 12, what is 2 + -1049?
-1047
In base 11, what is -3 + -76?
-79
In base 14, what is -4 + 9a1?
99b
In base 13, what is -3100 + 0?
-3100
In base 11, what is -5 + 2?
-3
In base 5, what is 0 - -11142?
11142
In base 2, what is 11 - 100001000000?
-100000111101
In base 14, what is 1 + 1367?
1368
In base 2, what is 10100111001 - -10?
10100111011
In base 11, what is 49 - -1?
4a
In base 4, what is 2 + 300?
302
In base 12, what is 5 + -6?
-1
In base 12, what is -a - -87?
79
In base 6, what is -125 - 54?
-223
In base 15, what is -3c + -4?
-41
In base 5, what is -140 + 4?
-131
In base 9, what is -22 + -86?
-118
In base 2, what is -10 + -1011001110?
-1011010000
In base 5, what is 1033 + 2?
1040
In base 13, what is 56 + -6?
50
In base 5, what is 21 - 402?
-331
In base 10, what is 56 - -39?
95
In base 11, what is 5 - 4283?
-4279
In base 16, what is 4 - 43?
-3f
In 